{"id":2,"date":"2017-10-31T11:42:24","date_gmt":"2017-10-31T10:42:24","guid":{"rendered":"http:\/\/neurofeedback-viana.fr\/?page_id=2"},"modified":"2018-06-13T14:19:59","modified_gmt":"2018-06-13T12:19:59","slug":"page-d-exemple","status":"publish","type":"page","link":"https:\/\/neurofeedback-viana.fr\/","title":{"rendered":"Le neurofeedback dynamique avec NeurOptimal\u00ae"},"content":{"rendered":"<h2>Votre cerveau m\u00e9rite votre attention !<\/h2>\n<p>Le <a href=\"https:\/\/neurofeedback-viana.fr\/index.php\/neurofeedback-dynamique\/\">neurofeedback dynamique<\/a> est une m\u00e9thode d\u2019apprentissage d\u2019auto-r\u00e9gulation du cerveau qui vous aide \u00e0 \u00eatre le meilleur de ce que vous pouvez \u00eatre naturellement.<\/p>\n<p><img loading=\"lazy\" decoding=\"async\" class=\"alignnone wp-image-180 size-full\" src=\"https:\/\/neurofeedback-viana.fr\/wp-content\/uploads\/2018\/06\/seance-de-neurofeedback-mario.jpg\" alt=\"\" width=\"600\" height=\"348\" srcset=\"https:\/\/neurofeedback-viana.fr\/wp-content\/uploads\/2018\/06\/seance-de-neurofeedback-mario.jpg 600w, https:\/\/neurofeedback-viana.fr\/wp-content\/uploads\/2018\/06\/seance-de-neurofeedback-mario-300x174.jpg 300w\" sizes=\"(max-width: 600px) 100vw, 600px\" \/><\/p>\n<p><em>S\u00e9ance de neurofeedback dynamique avec le\u00a0syst\u00e8me NeurOptimal\u00ae<\/em><\/p>\n<p>Le <a href=\"https:\/\/neurofeedback-viana.fr\/index.php\/systeme-neuroptimal\/\">syst\u00e8me NeurOptimal\u00ae<\/a> est une solution de neurofeedback dynamique qui permet au cerveau de se r\u00e9guler de lui-m\u00eame et de se r\u00e9organiser pour assurer une meilleure communication et une meilleure synchronisation entre ses r\u00e9seaux de neurones.<\/p>\n","protected":false},"excerpt":{"rendered":"<p>Votre cerveau m\u00e9rite votre attention ! Le neurofeedback dynamique est une m\u00e9thode d\u2019apprentissage d\u2019auto-r\u00e9gulation du cerveau qui vous aide \u00e0 \u00eatre le meilleur de ce que vous pouvez \u00eatre naturellement. S\u00e9ance de neurofeedback dynamique avec le\u00a0syst\u00e8me NeurOptimal\u00ae Le syst\u00e8me NeurOptimal\u00ae est une solution de neurofeedback dynamique qui permet au cerveau de se r\u00e9guler de lui-m\u00eame &hellip; <\/p>\n<p class=\"link-more\"><a href=\"https:\/\/neurofeedback-viana.fr\/\" class=\"more-link\">Continuer la lecture<span class=\"screen-reader-text\"> de &laquo;&nbsp;Le neurofeedback dynamique avec NeurOptimal\u00ae&nbsp;&raquo;<\/span><\/a><\/p>\n","protected":false},"author":1,"featured_media":0,"parent":0,"menu_order":0,"comment_status":"closed","ping_status":"open","template":"","meta":{"footnotes":""},"class_list":["post-2","page","type-page","status-publish","hentry"],"_links":{"self":[{"href":"https:\/\/neurofeedback-viana.fr\/index.php\/wp-json\/wp\/v2\/pages\/2"}],"collection":[{"href":"https:\/\/neurofeedback-viana.fr\/index.php\/wp-json\/wp\/v2\/pages"}],"about":[{"href":"https:\/\/neurofeedback-viana.fr\/index.php\/wp-json\/wp\/v2\/types\/page"}],"author":[{"embeddable":true,"href":"https:\/\/neurofeedback-viana.fr\/index.php\/wp-json\/wp\/v2\/users\/1"}],"replies":[{"embeddable":true,"href":"https:\/\/neurofeedback-viana.fr\/index.php\/wp-json\/wp\/v2\/comments?post=2"}],"version-history":[{"count":23,"href":"https:\/\/neurofeedback-viana.fr\/index.php\/wp-json\/wp\/v2\/pages\/2\/revisions"}],"predecessor-version":[{"id":332,"href":"https:\/\/neurofeedback-viana.fr\/index.php\/wp-json\/wp\/v2\/pages\/2\/revisions\/332"}],"wp:attachment":[{"href":"https:\/\/neurofeedback-viana.fr\/index.php\/wp-json\/wp\/v2\/media?parent=2"}],"curies":[{"name":"wp","href":"https:\/\/api.w.org\/{rel}","templated":true}]}}