{"id":166,"date":"2018-06-03T18:41:36","date_gmt":"2018-06-03T16:41:36","guid":{"rendered":"https:\/\/neurofeedback-viana.fr\/?page_id=166"},"modified":"2018-06-13T14:20:41","modified_gmt":"2018-06-13T12:20:41","slug":"neurofeedback-dynamique","status":"publish","type":"page","link":"https:\/\/neurofeedback-viana.fr\/index.php\/neurofeedback-dynamique\/","title":{"rendered":"Neurofeedback dynamique"},"content":{"rendered":"<h2>Vivez mieux gr\u00e2ce au Neurofeedback dynamique !<\/h2>\n<p>Le Neurofeedback dynamique est une m\u00e9thode d\u2019apprentissage d\u2019autor\u00e9gulation du cerveau.<br \/>\nCette m\u00e9thode s\u2019appuie sur le principe de la plasticit\u00e9 neuronale du cerveau (ou neuroplasticit\u00e9). Les neurosciences ont mis en \u00e9vidence la capacit\u00e9 du cerveau \u00e0 cr\u00e9er, d\u00e9faire ou r\u00e9organiser les r\u00e9seaux de neurones et les connexions entre les neurones.<br \/>\nLa plasticit\u00e9 neuronale est une des d\u00e9couvertes r\u00e9centes les plus importantes en neurosciences. Elle montre que le cerveau est un syst\u00e8me dynamique, en perp\u00e9tuelle reconfiguration.<\/p>\n","protected":false},"excerpt":{"rendered":"<p>Vivez mieux gr\u00e2ce au Neurofeedback dynamique ! Le Neurofeedback dynamique est une m\u00e9thode d\u2019apprentissage d\u2019autor\u00e9gulation du cerveau. Cette m\u00e9thode s\u2019appuie sur le principe de la plasticit\u00e9 neuronale du cerveau (ou neuroplasticit\u00e9). Les neurosciences ont mis en \u00e9vidence la capacit\u00e9 du cerveau \u00e0 cr\u00e9er, d\u00e9faire ou r\u00e9organiser les r\u00e9seaux de neurones et les connexions entre les &hellip; <\/p>\n<p class=\"link-more\"><a href=\"https:\/\/neurofeedback-viana.fr\/index.php\/neurofeedback-dynamique\/\" class=\"more-link\">Continuer la lecture<span class=\"screen-reader-text\"> de &laquo;&nbsp;Neurofeedback dynamique&nbsp;&raquo;<\/span><\/a><\/p>\n","protected":false},"author":1,"featured_media":0,"parent":0,"menu_order":0,"comment_status":"closed","ping_status":"closed","template":"","meta":{"footnotes":""},"class_list":["post-166","page","type-page","status-publish","hentry"],"_links":{"self":[{"href":"https:\/\/neurofeedback-viana.fr\/index.php\/wp-json\/wp\/v2\/pages\/166"}],"collection":[{"href":"https:\/\/neurofeedback-viana.fr\/index.php\/wp-json\/wp\/v2\/pages"}],"about":[{"href":"https:\/\/neurofeedback-viana.fr\/index.php\/wp-json\/wp\/v2\/types\/page"}],"author":[{"embeddable":true,"href":"https:\/\/neurofeedback-viana.fr\/index.php\/wp-json\/wp\/v2\/users\/1"}],"replies":[{"embeddable":true,"href":"https:\/\/neurofeedback-viana.fr\/index.php\/wp-json\/wp\/v2\/comments?post=166"}],"version-history":[{"count":7,"href":"https:\/\/neurofeedback-viana.fr\/index.php\/wp-json\/wp\/v2\/pages\/166\/revisions"}],"predecessor-version":[{"id":334,"href":"https:\/\/neurofeedback-viana.fr\/index.php\/wp-json\/wp\/v2\/pages\/166\/revisions\/334"}],"wp:attachment":[{"href":"https:\/\/neurofeedback-viana.fr\/index.php\/wp-json\/wp\/v2\/media?parent=166"}],"curies":[{"name":"wp","href":"https:\/\/api.w.org\/{rel}","templated":true}]}}